{"id":296678,"date":"2023-08-01T12:30:15","date_gmt":"2023-08-01T11:30:15","guid":{"rendered":"https:\/\/www.colorama.pt\/?page_id=296678"},"modified":"2025-08-07T15:46:51","modified_gmt":"2025-08-07T14:46:51","slug":"rentle","status":"publish","type":"page","link":"https:\/\/www.colorama.pt\/fr\/rentle\/","title":{"rendered":"ALUGUER DE EQUIPAMENTO"},"content":{"rendered":"<div class=\"alignfull wp-block-embed-rentle-shop-block\">\n\t\t\t<rentle-store  shop=\"colorama\" lang=\"fr\" \/>\n\t\t<\/div>","protected":false},"excerpt":{"rendered":"","protected":false},"author":1,"featured_media":0,"parent":0,"menu_order":0,"comment_status":"closed","ping_status":"closed","template":"","meta":{"_et_pb_use_builder":"off","_et_pb_old_content":"<!-- wp:embed-rentle\/shop-block {\"shopId\":\"colorama\"} \/-->","_et_gb_content_width":"1920","footnotes":""},"class_list":["post-296678","page","type-page","status-publish","hentry"],"yoast_head":"<!-- This site is optimized with the Yoast SEO plugin v27.4 - https:\/\/yoast.com\/product\/yoast-seo-wordpress\/ -->\n<title>Colorama - Produ\u00e7\u00e3o Audiovisual<\/title>\n<meta name=\"description\" content=\"Conte connosco para campanhas publicit\u00e1rias, materiais corporativos, anima\u00e7\u00f5es, comunica\u00e7\u00e3o interna, capta\u00e7\u00e3o e divulga\u00e7\u00e3o de eventos, cria\u00e7\u00e3o de identidade visual e inova\u00e7\u00e3o da sua marca, tudo o que precisar, como e quando quiser.\" \/>\n<meta name=\"robots\" content=\"index, follow, max-snippet:-1, max-image-preview:large, max-video-preview:-1\" \/>\n<link rel=\"canonical\" href=\"https:\/\/www.colorama.pt\/fr\/rentle\/\" \/>\n<meta property=\"og:locale\" content=\"fr_FR\" \/>\n<meta property=\"og:type\" content=\"article\" \/>\n<meta property=\"og:title\" content=\"Colorama - Produ\u00e7\u00e3o Audiovisual\" \/>\n<meta property=\"og:description\" content=\"Conte connosco para campanhas publicit\u00e1rias, materiais corporativos, anima\u00e7\u00f5es, comunica\u00e7\u00e3o interna, capta\u00e7\u00e3o e divulga\u00e7\u00e3o de eventos, cria\u00e7\u00e3o de identidade visual e inova\u00e7\u00e3o da sua marca, tudo o que precisar, como e quando quiser.\" \/>\n<meta property=\"og:url\" content=\"https:\/\/www.colorama.pt\/fr\/rentle\/\" \/>\n<meta property=\"og:site_name\" content=\"Colorama\" \/>\n<meta property=\"article:publisher\" content=\"https:\/\/www.facebook.com\/coloramaaudiovisual\/\" \/>\n<meta property=\"article:modified_time\" content=\"2025-08-07T14:46:51+00:00\" \/>\n<meta property=\"og:image\" content=\"https:\/\/www.colorama.pt\/wp-content\/uploads\/2020\/10\/Logo-defenitivo-03-1.png\" \/>\n\t<meta property=\"og:image:width\" content=\"1915\" \/>\n\t<meta property=\"og:image:height\" content=\"1140\" \/>\n\t<meta property=\"og:image:type\" content=\"image\/png\" \/>\n<meta name=\"twitter:card\" content=\"summary_large_image\" \/>\n<script type=\"application\/ld+json\" class=\"yoast-schema-graph\">{\"@context\":\"https:\\\/\\\/schema.org\",\"@graph\":[{\"@type\":\"WebPage\",\"@id\":\"https:\\\/\\\/www.colorama.pt\\\/rentle\\\/\",\"url\":\"https:\\\/\\\/www.colorama.pt\\\/rentle\\\/\",\"name\":\"Colorama - Produ\u00e7\u00e3o Audiovisual\",\"isPartOf\":{\"@id\":\"https:\\\/\\\/www.colorama.pt\\\/#website\"},\"datePublished\":\"2023-08-01T11:30:15+00:00\",\"dateModified\":\"2025-08-07T14:46:51+00:00\",\"description\":\"Conte connosco para campanhas publicit\u00e1rias, materiais corporativos, anima\u00e7\u00f5es, comunica\u00e7\u00e3o interna, capta\u00e7\u00e3o e divulga\u00e7\u00e3o de eventos, cria\u00e7\u00e3o de identidade visual e inova\u00e7\u00e3o da sua marca, tudo o que precisar, como e quando quiser.\",\"breadcrumb\":{\"@id\":\"https:\\\/\\\/www.colorama.pt\\\/rentle\\\/#breadcrumb\"},\"inLanguage\":\"fr-FR\",\"potentialAction\":[{\"@type\":\"ReadAction\",\"target\":[\"https:\\\/\\\/www.colorama.pt\\\/rentle\\\/\"]}]},{\"@type\":\"BreadcrumbList\",\"@id\":\"https:\\\/\\\/www.colorama.pt\\\/rentle\\\/#breadcrumb\",\"itemListElement\":[{\"@type\":\"ListItem\",\"position\":1,\"name\":\"Home\",\"item\":\"https:\\\/\\\/www.colorama.pt\\\/\"},{\"@type\":\"ListItem\",\"position\":2,\"name\":\"ALUGUER DE EQUIPAMENTO\"}]},{\"@type\":\"WebSite\",\"@id\":\"https:\\\/\\\/www.colorama.pt\\\/#website\",\"url\":\"https:\\\/\\\/www.colorama.pt\\\/\",\"name\":\"Colorama\",\"description\":\"Tudo o que precisa para a comunica\u00e7\u00e3o da sua empresa: v\u00eddeo, streaming, podcast, fotografia, design e aluguer de equipamento e est\u00fadio.\",\"publisher\":{\"@id\":\"https:\\\/\\\/www.colorama.pt\\\/#organization\"},\"potentialAction\":[{\"@type\":\"SearchAction\",\"target\":{\"@type\":\"EntryPoint\",\"urlTemplate\":\"https:\\\/\\\/www.colorama.pt\\\/?s={search_term_string}\"},\"query-input\":{\"@type\":\"PropertyValueSpecification\",\"valueRequired\":true,\"valueName\":\"search_term_string\"}}],\"inLanguage\":\"fr-FR\"},{\"@type\":\"Organization\",\"@id\":\"https:\\\/\\\/www.colorama.pt\\\/#organization\",\"name\":\"Colorama\",\"url\":\"https:\\\/\\\/www.colorama.pt\\\/\",\"logo\":{\"@type\":\"ImageObject\",\"inLanguage\":\"fr-FR\",\"@id\":\"https:\\\/\\\/www.colorama.pt\\\/#\\\/schema\\\/logo\\\/image\\\/\",\"url\":\"https:\\\/\\\/www.colorama.pt\\\/wp-content\\\/uploads\\\/2020\\\/07\\\/Logo-SIMBOLO-09-copy.png\",\"contentUrl\":\"https:\\\/\\\/www.colorama.pt\\\/wp-content\\\/uploads\\\/2020\\\/07\\\/Logo-SIMBOLO-09-copy.png\",\"width\":486,\"height\":489,\"caption\":\"Colorama\"},\"image\":{\"@id\":\"https:\\\/\\\/www.colorama.pt\\\/#\\\/schema\\\/logo\\\/image\\\/\"},\"sameAs\":[\"https:\\\/\\\/www.facebook.com\\\/coloramaaudiovisual\\\/\",\"https:\\\/\\\/www.linkedin.com\\\/company\\\/coloramacomunicacaoimagem\",\"https:\\\/\\\/www.instagram.com\\\/colorama_audiovisuais\\\/\"]}]}<\/script>\n<!-- \/ Yoast SEO plugin. -->","yoast_head_json":{"title":"Colorama - Production audiovisuelle","description":"Comptez sur nous pour les campagnes publicitaires, le mat\u00e9riel d'entreprise, les animations, la communication interne, la capture et la diffusion d'\u00e9v\u00e9nements, la cr\u00e9ation d'une identit\u00e9 visuelle et l'innovation de votre marque, tout ce dont vous avez besoin, comment et quand vous le souhaitez.","robots":{"index":"index","follow":"follow","max-snippet":"max-snippet:-1","max-image-preview":"max-image-preview:large","max-video-preview":"max-video-preview:-1"},"canonical":"https:\/\/www.colorama.pt\/fr\/rentle\/","og_locale":"fr_FR","og_type":"article","og_title":"Colorama - Produ\u00e7\u00e3o Audiovisual","og_description":"Conte connosco para campanhas publicit\u00e1rias, materiais corporativos, anima\u00e7\u00f5es, comunica\u00e7\u00e3o interna, capta\u00e7\u00e3o e divulga\u00e7\u00e3o de eventos, cria\u00e7\u00e3o de identidade visual e inova\u00e7\u00e3o da sua marca, tudo o que precisar, como e quando quiser.","og_url":"https:\/\/www.colorama.pt\/fr\/rentle\/","og_site_name":"Colorama","article_publisher":"https:\/\/www.facebook.com\/coloramaaudiovisual\/","article_modified_time":"2025-08-07T14:46:51+00:00","og_image":[{"width":1915,"height":1140,"url":"https:\/\/www.colorama.pt\/wp-content\/uploads\/2020\/10\/Logo-defenitivo-03-1.png","type":"image\/png"}],"twitter_card":"summary_large_image","schema":{"@context":"https:\/\/schema.org","@graph":[{"@type":"WebPage","@id":"https:\/\/www.colorama.pt\/rentle\/","url":"https:\/\/www.colorama.pt\/rentle\/","name":"Colorama - Production audiovisuelle","isPartOf":{"@id":"https:\/\/www.colorama.pt\/#website"},"datePublished":"2023-08-01T11:30:15+00:00","dateModified":"2025-08-07T14:46:51+00:00","description":"Comptez sur nous pour les campagnes publicitaires, le mat\u00e9riel d'entreprise, les animations, la communication interne, la capture et la diffusion d'\u00e9v\u00e9nements, la cr\u00e9ation d'une identit\u00e9 visuelle et l'innovation de votre marque, tout ce dont vous avez besoin, comment et quand vous le souhaitez.","breadcrumb":{"@id":"https:\/\/www.colorama.pt\/rentle\/#breadcrumb"},"inLanguage":"fr-FR","potentialAction":[{"@type":"ReadAction","target":["https:\/\/www.colorama.pt\/rentle\/"]}]},{"@type":"BreadcrumbList","@id":"https:\/\/www.colorama.pt\/rentle\/#breadcrumb","itemListElement":[{"@type":"ListItem","position":1,"name":"Home","item":"https:\/\/www.colorama.pt\/"},{"@type":"ListItem","position":2,"name":"ALUGUER DE EQUIPAMENTO"}]},{"@type":"WebSite","@id":"https:\/\/www.colorama.pt\/#website","url":"https:\/\/www.colorama.pt\/","name":"Colourama","description":"Tout ce dont vous avez besoin pour la communication de votre entreprise : vid\u00e9o, streaming, podcast, photographie, conception et location de mat\u00e9riel et de studio.","publisher":{"@id":"https:\/\/www.colorama.pt\/#organization"},"potentialAction":[{"@type":"SearchAction","target":{"@type":"EntryPoint","urlTemplate":"https:\/\/www.colorama.pt\/?s={search_term_string}"},"query-input":{"@type":"PropertyValueSpecification","valueRequired":true,"valueName":"search_term_string"}}],"inLanguage":"fr-FR"},{"@type":"Organization","@id":"https:\/\/www.colorama.pt\/#organization","name":"Colourama","url":"https:\/\/www.colorama.pt\/","logo":{"@type":"ImageObject","inLanguage":"fr-FR","@id":"https:\/\/www.colorama.pt\/#\/schema\/logo\/image\/","url":"https:\/\/www.colorama.pt\/wp-content\/uploads\/2020\/07\/Logo-SIMBOLO-09-copy.png","contentUrl":"https:\/\/www.colorama.pt\/wp-content\/uploads\/2020\/07\/Logo-SIMBOLO-09-copy.png","width":486,"height":489,"caption":"Colorama"},"image":{"@id":"https:\/\/www.colorama.pt\/#\/schema\/logo\/image\/"},"sameAs":["https:\/\/www.facebook.com\/coloramaaudiovisual\/","https:\/\/www.linkedin.com\/company\/coloramacomunicacaoimagem","https:\/\/www.instagram.com\/colorama_audiovisuais\/"]}]}},"_links":{"self":[{"href":"https:\/\/www.colorama.pt\/fr\/wp-json\/wp\/v2\/pages\/296678","targetHints":{"allow":["GET"]}}],"collection":[{"href":"https:\/\/www.colorama.pt\/fr\/wp-json\/wp\/v2\/pages"}],"about":[{"href":"https:\/\/www.colorama.pt\/fr\/wp-json\/wp\/v2\/types\/page"}],"author":[{"embeddable":true,"href":"https:\/\/www.colorama.pt\/fr\/wp-json\/wp\/v2\/users\/1"}],"replies":[{"embeddable":true,"href":"https:\/\/www.colorama.pt\/fr\/wp-json\/wp\/v2\/comments?post=296678"}],"version-history":[{"count":19,"href":"https:\/\/www.colorama.pt\/fr\/wp-json\/wp\/v2\/pages\/296678\/revisions"}],"predecessor-version":[{"id":321978,"href":"https:\/\/www.colorama.pt\/fr\/wp-json\/wp\/v2\/pages\/296678\/revisions\/321978"}],"wp:attachment":[{"href":"https:\/\/www.colorama.pt\/fr\/wp-json\/wp\/v2\/media?parent=296678"}],"curies":[{"name":"wp","href":"https:\/\/api.w.org\/{rel}","templated":true}]}}

<!-- This site is optimized with the Yoast SEO plugin v27.4 - https://yoast.com/product/yoast-seo-wordpress/ -->
<title>Colorama - Produção Audiovisual</title>
<meta name="description" content="Conte connosco para campanhas publicitárias, materiais corporativos, animações, comunicação interna, captação e divulgação de eventos, criação de identidade visual e inovação da sua marca, tudo o que precisar, como e quando quiser." />
<meta name="robots" content="index, follow, max-snippet:-1, max-image-preview:large, max-video-preview:-1" />
<link rel="canonical" href="https://www.colorama.pt/fr/rentle/" />
<meta property="og:locale" content="fr_FR" />
<meta property="og:type" content="article" />
<meta property="og:title" content="Colorama - Produção Audiovisual" />
<meta property="og:description" content="Conte connosco para campanhas publicitárias, materiais corporativos, animações, comunicação interna, captação e divulgação de eventos, criação de identidade visual e inovação da sua marca, tudo o que precisar, como e quando quiser." />
<meta property="og:url" content="https://www.colorama.pt/fr/rentle/" />
<meta property="og:site_name" content="Colorama" />
<meta property="article:publisher" content="https://www.facebook.com/coloramaaudiovisual/" />
<meta property="article:modified_time" content="2025-08-07T14:46:51+00:00" />
<meta property="og:image" content="https://www.colorama.pt/wp-content/uploads/2020/10/Logo-defenitivo-03-1.png" />
	<meta property="og:image:width" content="1915" />
	<meta property="og:image:height" content="1140" />
	<meta property="og:image:type" content="image/png" />
<meta name="twitter:card" content="summary_large_image" />
<script type="application/ld+json" class="yoast-schema-graph">{"@context":"https:\/\/schema.org","@graph":[{"@type":"WebPage","@id":"https:\/\/www.colorama.pt\/rentle\/","url":"https:\/\/www.colorama.pt\/rentle\/","name":"Colorama - Produção Audiovisual","isPartOf":{"@id":"https:\/\/www.colorama.pt\/#website"},"datePublished":"2023-08-01T11:30:15+00:00","dateModified":"2025-08-07T14:46:51+00:00","description":"Conte connosco para campanhas publicitárias, materiais corporativos, animações, comunicação interna, captação e divulgação de eventos, criação de identidade visual e inovação da sua marca, tudo o que precisar, como e quando quiser.","breadcrumb":{"@id":"https:\/\/www.colorama.pt\/rentle\/#breadcrumb"},"inLanguage":"fr-FR","potentialAction":[{"@type":"ReadAction","target":["https:\/\/www.colorama.pt\/rentle\/"]}]},{"@type":"BreadcrumbList","@id":"https:\/\/www.colorama.pt\/rentle\/#breadcrumb","itemListElement":[{"@type":"ListItem","position":1,"name":"Home","item":"https:\/\/www.colorama.pt\/"},{"@type":"ListItem","position":2,"name":"ALUGUER DE EQUIPAMENTO"}]},{"@type":"WebSite","@id":"https:\/\/www.colorama.pt\/#website","url":"https:\/\/www.colorama.pt\/","name":"Colorama","description":"Tudo o que precisa para a comunicação da sua empresa: vídeo, streaming, podcast, fotografia, design e aluguer de equipamento e estúdio.","publisher":{"@id":"https:\/\/www.colorama.pt\/#organization"},"potentialAction":[{"@type":"SearchAction","target":{"@type":"EntryPoint","urlTemplate":"https:\/\/www.colorama.pt\/?s={search_term_string}"},"query-input":{"@type":"PropertyValueSpecification","valueRequired":true,"valueName":"search_term_string"}}],"inLanguage":"fr-FR"},{"@type":"Organization","@id":"https:\/\/www.colorama.pt\/#organization","name":"Colorama","url":"https:\/\/www.colorama.pt\/","logo":{"@type":"ImageObject","inLanguage":"fr-FR","@id":"https:\/\/www.colorama.pt\/#\/schema\/logo\/image\/","url":"https:\/\/www.colorama.pt\/wp-content\/uploads\/2020\/07\/Logo-SIMBOLO-09-copy.png","contentUrl":"https:\/\/www.colorama.pt\/wp-content\/uploads\/2020\/07\/Logo-SIMBOLO-09-copy.png","width":486,"height":489,"caption":"Colorama"},"image":{"@id":"https:\/\/www.colorama.pt\/#\/schema\/logo\/image\/"},"sameAs":["https:\/\/www.facebook.com\/coloramaaudiovisual\/","https:\/\/www.linkedin.com\/company\/coloramacomunicacaoimagem","https:\/\/www.instagram.com\/colorama_audiovisuais\/"]}]}</script>
<!-- / Yoast SEO plugin. -->

Comptez sur nous pour les campagnes publicitaires, le matériel d'entreprise, les animations, la communication interne, la capture et la diffusion d'événements, la création d'une identité visuelle et l'innovation de votre marque, tout ce dont vous avez besoin, comment et quand vous le souhaitez.

Colorama - Produção Audiovisual

Conte connosco para campanhas publicitárias, materiais corporativos, animações, comunicação interna, captação e divulgação de eventos, criação de identidade visual e inovação da sua marca, tudo o que precisar, como e quando quiser.

Tout ce dont vous avez besoin pour la communication de votre entreprise : vidéo, streaming, podcast, photographie, conception et location de matériel et de studio.
